{"id":171,"date":"2021-03-12T09:27:39","date_gmt":"2021-03-12T09:27:39","guid":{"rendered":"http:\/\/projectebuchenwald.amical-mauthausen.org\/testimonis\/marcel%c2%b7li-garriga-cristia\/"},"modified":"2021-03-29T12:19:21","modified_gmt":"2021-03-29T12:19:21","slug":"marcel%c2%b7li-garriga-cristia","status":"publish","type":"testimonis","link":"https:\/\/projectebuchenwald.amical-mauthausen.org\/es\/testimonis\/marcel%c2%b7li-garriga-cristia\/","title":{"rendered":"MARCEL\u00b7L\u00cd GARRIGA CRISTI\u00c0"},"content":{"rendered":"<p><span class=\"VIiyi\" lang=\"es\"><span class=\"JLqJ4b\" data-language-for-alternatives=\"es\" data-language-to-translate-into=\"ca\" data-phrase-index=\"0\">Nacido en Vilanova i la Geltr\u00fa el 11 de junio de 1916, desde muy joven acompa\u00f1\u00f3 a su padre en el oficio marinero y acab\u00f3 convirti\u00e9ndose en un experto pescador y patr\u00f3n. Hu\u00e9rfano de padre y madre, a los 14 a\u00f1os, se refugi\u00f3 en la acogida de sus t\u00edos, pero su fuerte esp\u00edritu de independencia le empuj\u00f3 a decidir afrontar la vida solo. <\/span><\/span><\/p>\n<p><span class=\"VIiyi\" lang=\"es\"><span class=\"JLqJ4b\" data-language-for-alternatives=\"es\" data-language-to-translate-into=\"ca\" data-phrase-index=\"0\">Imbuido del ideario libertario desde las filas de la CNT, vivi\u00f3 la ilusi\u00f3n de la proclamaci\u00f3n de la II Rep\u00fablica y los acontecimientos del 6 de octubre en la misma Vilanova y, para evitar la represi\u00f3n que sigui\u00f3 a la proclamaci\u00f3n de la Rep\u00fablica catalana, march\u00f3 a Roses, donde sigui\u00f3 con su oficio, al tiempo que se integraba en los c\u00edrculos culturales y pol\u00edticos. Fue a esta poblaci\u00f3n ampurdanesa donde vivi\u00f3 el levantamiento fascista del 18 de julio de 1936, y al poco tiempo se incorpor\u00f3 a las filas del Ej\u00e9rcito Popular, realizando, m\u00e1s tarde, el curso de oficial en el escuela Popular de Guerra de Barcelona, \u200b\u200bde donde sali\u00f3 con el grado de teniente. Destinado a la 135A. Brigada Mixta de la 31 divisi\u00f3n, luch\u00f3 y sufrir todo tipo de penalidades al frente de Huesca, hasta la retirada, durante la primavera de 1938, en Bagn\u00e8res de Luchon (Francia), desde donde qued\u00f3 adscrito a la misma brigada reorganizada que volvi\u00f3 a penetrar en Catalu\u00f1a, para combatir el frente de Lleida. En el mes de agosto se incorpor\u00f3 a las tropas que participaron en la Batalla del Ebro hasta que la retirada le llev\u00f3, de nuevo, por tierras de Lleida, entonces desde la 100\u00aa, que deb\u00eda llevar a contemplar los estent\u00f3reo de la batalla de Catalu\u00f1a ya terminar herido a un hospital de Barcelona. <\/span><\/span><\/p>\n<p><span class=\"VIiyi\" lang=\"es\"><span class=\"JLqJ4b\" data-language-for-alternatives=\"es\" data-language-to-translate-into=\"ca\" data-phrase-index=\"0\">Al llegar las tropas fascistas en la capital catalana, inici\u00f3 el \u00e9xodo con miles de republicanos, primero hasta Girona, en un cami\u00f3n militar, y despu\u00e9s, a pie, hasta que fue concentrado en la playa de Argel\u00e8s y luego en el campo de Barcar\u00e8s, desde donde fue enrolado en una CTE, destinada a la regi\u00f3n de Poitou. Con la desintegraci\u00f3n del ej\u00e9rcito franc\u00e9s, comenz\u00f3 otro periplo, desde Burdeos a Toulouse y el Rosell\u00f3n, donde pudo volver a su oficio de pescador. Pero la ocupaci\u00f3n de los alemanes ya abarcaba toda Francia y el fuerte control en las zonas fronteras para evitar el paso de aviadores ca\u00eddos y desertores por los Pirineos desencadena continuas xarxades, en una de las que Marcel\u00b7l\u00ed Garriga fue detenido, el 2 de febrero de 1943. <\/span><\/span><\/p>\n<p><span class=\"VIiyi\" lang=\"es\"><span class=\"JLqJ4b\" data-language-for-alternatives=\"es\" data-language-to-translate-into=\"ca\" data-phrase-index=\"0\">Bajo el control de la Gestapo, desde las c\u00e1rceles de Portvendres y Perpi\u00f1\u00e1n lleg\u00f3 al campo de tr\u00e1nsito de Compi\u00e8gne, de donde parti\u00f3 con el convoy del 17 de enero de 1944 con destino a Buchenwald. Con la asignaci\u00f3n de la matr\u00edcula 40548, tuvo que trabajar a los comandos de las f\u00e1bricas Gustloff-Werke, Mibau y Optik Fichtenhain, al tiempo que entraba en contacto con los deportados que formaban parte de la Resistencia interna del campo, siempre a la espera del final de la guerra, que presagiaban los bombardeos aliados. La resistencia contra los intentos de evacuaci\u00f3n del campo triunfaron hasta que los americanos entraron en el campo, el d\u00eda 11 de abril, cuando ya las SS hab\u00edan abandonado el recinto. <\/span><\/span><\/p>\n<p><span class=\"VIiyi\" lang=\"es\"><span class=\"JLqJ4b\" data-language-for-alternatives=\"es\" data-language-to-translate-into=\"ca\" data-phrase-index=\"0\">La situaci\u00f3n que se abri\u00f3 a Marcel\u00b7l\u00ed Garriga y los otros deportados republicanos era la inc\u00f3gnita del futuro, dada la imposibilidad del regreso a casa. Permaneci\u00f3 m\u00e1s de un mes en el campo, hasta que despu\u00e9s de un viaje muy accidentado lleg\u00f3 a Paris, donde disfrut\u00f3 de la libertad, con una sensaci\u00f3n de improvisionalitat; entr\u00f3 a trabajar en una f\u00e1brica, con resignaci\u00f3n y desencanto sobre el futuro, lo que le haga decidir a regresar a Catalu\u00f1a, en 1947. Bajo el control policial, comenzaba su exilio interior, determinado por el r\u00e9gimen dictatorial de Franco, y no pudo instalarse en Vilanova hasta el a\u00f1o 1950, donde trabaj\u00f3 de nuevo como pescador. Su esp\u00edritu de lucha y resistencia le empuj\u00f3 a integrarse en los movimientos sindicales y pol\u00edticos antifranquistas, y a impulsar asociaciones culturales a su ciudad. En los \u00faltimos a\u00f1os de su vida, el testimonio de sus a\u00f1os de juventud, desde el compromiso sindical a la deportaci\u00f3n, form\u00f3 parte de su compromiso de la preservaci\u00f3n de la memoria de la deportaci\u00f3n de los republicanos antifascistas.<\/span><\/span><\/p>\n","protected":false},"featured_media":0,"template":"","class_list":["post-171","testimonis","type-testimonis","status-publish","hentry"],"acf":[],"_links":{"self":[{"href":"https:\/\/projectebuchenwald.amical-mauthausen.org\/es\/wp-json\/wp\/v2\/testimonis\/171","targetHints":{"allow":["GET"]}}],"collection":[{"href":"https:\/\/projectebuchenwald.amical-mauthausen.org\/es\/wp-json\/wp\/v2\/testimonis"}],"about":[{"href":"https:\/\/projectebuchenwald.amical-mauthausen.org\/es\/wp-json\/wp\/v2\/types\/testimonis"}],"wp:attachment":[{"href":"https:\/\/projectebuchenwald.amical-mauthausen.org\/es\/wp-json\/wp\/v2\/media?parent=171"}],"curies":[{"name":"wp","href":"https:\/\/api.w.org\/{rel}","templated":true}]}}

MARCEL·LÍ GARRIGA CRISTIÀ

<p><span class="VIiyi" lang="es"><span class="JLqJ4b" data-language-for-alternatives="es" data-language-to-translate-into="ca" data-phrase-index="0">Nacido en Vilanova i la Geltrú el 11 de junio de 1916, desde muy joven acompañó a su padre en el oficio marinero y acabó convirtiéndose en un experto pescador y patrón. Huérfano de padre y madre, a los 14 años, se refugió en la acogida de sus tíos, pero su fuerte espíritu de independencia le empujó a decidir afrontar la vida solo. </span></span></p>
<p><span class="VIiyi" lang="es"><span class="JLqJ4b" data-language-for-alternatives="es" data-language-to-translate-into="ca" data-phrase-index="0">Imbuido del ideario libertario desde las filas de la CNT, vivió la ilusión de la proclamación de la II República y los acontecimientos del 6 de octubre en la misma Vilanova y, para evitar la represión que siguió a la proclamación de la República catalana, marchó a Roses, donde siguió con su oficio, al tiempo que se integraba en los círculos culturales y políticos. Fue a esta población ampurdanesa donde vivió el levantamiento fascista del 18 de julio de 1936, y al poco tiempo se incorporó a las filas del Ejército Popular, realizando, más tarde, el curso de oficial en el escuela Popular de Guerra de Barcelona, ​​de donde salió con el grado de teniente. Destinado a la 135A. Brigada Mixta de la 31 división, luchó y sufrir todo tipo de penalidades al frente de Huesca, hasta la retirada, durante la primavera de 1938, en Bagnères de Luchon (Francia), desde donde quedó adscrito a la misma brigada reorganizada que volvió a penetrar en Cataluña, para combatir el frente de Lleida. En el mes de agosto se incorporó a las tropas que participaron en la Batalla del Ebro hasta que la retirada le llevó, de nuevo, por tierras de Lleida, entonces desde la 100ª, que debía llevar a contemplar los estentóreo de la batalla de Cataluña ya terminar herido a un hospital de Barcelona. </span></span></p>
<p><span class="VIiyi" lang="es"><span class="JLqJ4b" data-language-for-alternatives="es" data-language-to-translate-into="ca" data-phrase-index="0">Al llegar las tropas fascistas en la capital catalana, inició el éxodo con miles de republicanos, primero hasta Girona, en un camión militar, y después, a pie, hasta que fue concentrado en la playa de Argelès y luego en el campo de Barcarès, desde donde fue enrolado en una CTE, destinada a la región de Poitou. Con la desintegración del ejército francés, comenzó otro periplo, desde Burdeos a Toulouse y el Rosellón, donde pudo volver a su oficio de pescador. Pero la ocupación de los alemanes ya abarcaba toda Francia y el fuerte control en las zonas fronteras para evitar el paso de aviadores caídos y desertores por los Pirineos desencadena continuas xarxades, en una de las que Marcel·lí Garriga fue detenido, el 2 de febrero de 1943. </span></span></p>
<p><span class="VIiyi" lang="es"><span class="JLqJ4b" data-language-for-alternatives="es" data-language-to-translate-into="ca" data-phrase-index="0">Bajo el control de la Gestapo, desde las cárceles de Portvendres y Perpiñán llegó al campo de tránsito de Compiègne, de donde partió con el convoy del 17 de enero de 1944 con destino a Buchenwald. Con la asignación de la matrícula 40548, tuvo que trabajar a los comandos de las fábricas Gustloff-Werke, Mibau y Optik Fichtenhain, al tiempo que entraba en contacto con los deportados que formaban parte de la Resistencia interna del campo, siempre a la espera del final de la guerra, que presagiaban los bombardeos aliados. La resistencia contra los intentos de evacuación del campo triunfaron hasta que los americanos entraron en el campo, el día 11 de abril, cuando ya las SS habían abandonado el recinto. </span></span></p>
<p><span class="VIiyi" lang="es"><span class="JLqJ4b" data-language-for-alternatives="es" data-language-to-translate-into="ca" data-phrase-index="0">La situación que se abrió a Marcel·lí Garriga y los otros deportados republicanos era la incógnita del futuro, dada la imposibilidad del regreso a casa. Permaneció más de un mes en el campo, hasta que después de un viaje muy accidentado llegó a Paris, donde disfrutó de la libertad, con una sensación de improvisionalitat; entró a trabajar en una fábrica, con resignación y desencanto sobre el futuro, lo que le haga decidir a regresar a Cataluña, en 1947. Bajo el control policial, comenzaba su exilio interior, determinado por el régimen dictatorial de Franco, y no pudo instalarse en Vilanova hasta el año 1950, donde trabajó de nuevo como pescador. Su espíritu de lucha y resistencia le empujó a integrarse en los movimientos sindicales y políticos antifranquistas, y a impulsar asociaciones culturales a su ciudad. En los últimos años de su vida, el testimonio de sus años de juventud, desde el compromiso sindical a la deportación, formó parte de su compromiso de la preservación de la memoria de la deportación de los republicanos antifascistas.</span></span></p>
